e 8, what is 0 - -163?
163
In base 11, what is -19a + -3?
-1a2
In base 8, what is -1035 - -1?
-1034
In base 10, what is -569 - 5?
-574
In base 14, what is -2c - 29a?
-2c8
In base 7, what is -15 - -31?
13
In base 6, what is 4 - 1141?
-1133
In base 13, what is -2 + -22?
-24
In base 3, what is 12 + 211010?
211022
In base 6, what is 1350 + 1?
1351
In base 8, what is -50 + 134?
64
In base 3, what is -1021000 + 21?
-1020202
In base 6, what is 52 + 2?
54
In base 11, what is 5 - 546?
-541
In base 11, what is -88a + 4?
-886
In base 7, what is 3 - -305?
311
In base 13, what is -39 - -5?
-34
In base 9, what is -1 + 18?
17
In base 11, what is 253 + 4?
257
In base 11, what is 318 + 5?
322
In base 7, what is 2 + -4301?
-4266
In base 12, what is 43 - -27?
6a
In base 3, what is 112111 - 221?
111120
In base 8, what is 73 + -1?
72
In base 15, what is -b31 - -2?
-b2e
In base 2, what is 101110 - -10100?
1000010
In base 5, what is 1142 + -3?
1134
In base 15, what is bb - 1?
ba
In base 10, what is 11163 + -3?
11160
In base 13, what is -1a79 - -2?
-1a77
In base 10, what is -19 + -7?
-26
In base 3, what is -2010 - 12?
-2022
In base 4, what is 301 - 130?
111
In base 3, what is 1 - 100200?
-100122
In base 3, what is -11 - -1202?
1121
In base 10, what is -209 + -164?
-373
In base 13, what is -6 + -3?
-9
In base 15, what is -642 - -5?
-63c
In base 14, what is -1994 - 1?
-1995
In base 12, what is -5 + 19?
14
In base 13, what is b + -1b0?
-1a2
In base 10, what is 182 + 8?
190
In base 15, what is -8 - -20?
17
In base 10, what is -1 - 32?
-33
In base 4, what is 1321 - -1322?
3303
In base 4, what is 210322 - -10?
210332
In base 11, what is -4 - 2a3?
-2a7
In base 2, what is 1100110100 - 11?
1100110001
In base 11, what is 5a5 + -20?
585
In base 3, what is 210212 - 110?
210102
In base 3, what is -2101 + 10?
-2021
In base 14, what is 10 - -30?
40
In base 13, what is -3 - -1066?
1063
In base 12, what is 4 - 20?
-18
In base 13, what is -252 - -5?
-24a
In base 16, what is 2 - 2?
0
In base 15, what is 4d0a - -3?
4d0d
In base 2, what is -11 + -1000001?
-1000100
In base 9, what is 7 + 1203?
1211
In base 14, what is 4 + -38?
-34
In base 4, what is 321 + -220?
101
In base 15, what is -3d + 7?
-36
In base 2, what is 10 - -110111?
111001
In base 15, what is 350 + 2?
352
In base 7, what is -2610 + 4?
-2603
In base 6, what is -104222 - -5?
-104213
In base 4, what is -101 + 13130?
13023
In base 5, what is -1304 + 0?
-1304
In base 7, what is 5 + -550?
-542
In base 10, what is 4 + 18?
22
In base 10, what is -142 - 33?
-175
In base 15, what is -2 - 33?
-35
In base 16, what is 11 - -3c?
4d
In base 2, what is 11 + -1110?
-1011
In base 10, what is 4 - 965?
-961
In base 4, what is -10 + -130200?
-130210
In base 10, what is -2 - -51?
49
In base 4, what is -2 + -133?
-201
In base 7, what is -2523 - -1?
-2522
In base 2, what is 101 - -100100011?
100101000
In base 13, what is -1c + 16?
-6
In base 16, what is 47 - 2?
45
In base 9, what is 71 + -554?
-473
In base 4, what is 330 - 10?
320
In base 5, what is -1 + 44?
43
In base 7, what is -14 + -2?
-16
In base 14, what is 157a - -2?
157c
In base 11, what is -326 - -8?
-319
In base 9, what is -5466 - 4?
-5471
In base 16, what is -18 + 15?
-3
In base 12, what is 181 - -4?
185
In base 16, what is -2e3 + 0?
-2e3
In base 4, what is 2 - -201320?
201322
In base 12, what is a - 370?
-362
In base 3, what is 1022 - -102?
1201
In base 5, what is -11 - 1?
-12
In base 14, what is -21 + -51?
-72
In base 9, what is -1 - -3362?
3361
In base 13, what is -4 - -2?
-2
In base 6, what is 14 - 1214?
-1200
In base 3, what is 22 + 1112001?
1112100
In base 5, what is -4 + -33202?
-33211
In base 3, what is 2 + 2122?
2201
In base 14, what is -3 - 3c?
-41
In base 2, what is -110001110110011 - 10?
-110001110110101
In base 9, what is 7 + 2770?
2777
In base 16, what is -4 + 101?
fd
In base 11, what is 881 + 5?
886
In base 9, what is 5 + 22?
27
In base 12, what is -1a - -52?
34
In base 12, what is 2b - -19?
48
In base 2, what is 110 + -11010000?
-11001010
In base 3, what is -122212100 + -10?
-122212110
In base 8, what is 16 + 53?
71
In base 3, what is 120 + 11011?
11201
In base 4, what is -110 - -11?
-33
In base 14, what is -5 + 4?
-1
In base 16, what is -2 + -5e?
-60
In base 4, what is -11 - 1100330?
-1101001
In base 16, what is -ae1 - -3?
-ade
In base 9, what is -3 + -31?
-34
In base 2, what is 101000 - -10011?
111011
In base 12, what is 5 - 116?
-111
In base 6, what is -111 - 5?
-120
In base 9, what is 27 + 1160?
1187
In base 2, what is -1000 + 101011?
100011
In base 4, what is 1 - 13133?
-13132
In base 2, what is 1011000 + -1?
1010111
In base 16, what is -b2 + -1?
-b3
In base 13, what is -71a - 10?
-72a
In base 9, what is 1 - 2662?
-2661
In base 13, what is 4 + 1556?
155a
In base 13, what is 363 + -5?
35b
In base 6, what is -1 - -1115?
1114
In base 3, what is -21 + -10110?
-10201
In base 16, what is -1 - -7b?
7a
In base 2, what is 100010001 + -100?
100001101
In base 11, what is 80 - 13?
68
In base 13, what is -184 - -1?
-183
In base 8, what is 22 - -461?
503
In base 7, what is 42 + 15?
60
In base 14, what is 2 + 398?
39a
In base 3, what is 1 - -12201221?
12201222
In base 7, what is 12554 + 0?
12554
In base 11, what is -11 + 29?
18
In base 5, what is 24 - 22?
2
In base 15, what is 35 - 1c?
18
In base 2, what is 101 - 1101100?
-1100111
In base 11, what is 39 - -5?
43
In base 5, what is -20 - 300?
-320
In base 2, what is -1 + 10101?
10100
In base 16, what is 8b9 - 5?
8b4
In base 9, what is -37 - -30?
-7
In base 7, what is 2 - 41?
-36
In base 2, what is 110 + 11?
1001
In base 15, what is -8 + 15?
c
In base 9, what is -4 - 4347?
-4352
In base 13, what is 2 + c2?
c4
In base 11, what is -3 - a41?
-a44
In base 6, what is -4 + 13512?
13504
In base 7, what is 3 + -214?
-211
In base 4, what is -2112 - 2?
-2120
In base 4, what is -11 - 201?
-212
In base 7, what is 2 + 4030?
4032
In base 12, what is 6 - -182?
188
In base 3, what is 21201 - -1?
21202
In base 16, what is 1a + -4?
16
In base 10, what is -4 + -141?
-145
In base 11, what is -39 - -6?
-33
In base 8, what is 7 + 76?
105
In base 5, what is 10 + -4114?
-4104
In base 11, what is 552 + 1?
553
In base 11, what is -5 + -12?
-17
In base 8, what is -2546 + 3?
-2543
In base 14, what is 168 + 3?
16b
In base 6, what is -1521 + -1?
-1522
In base 11, what is 1 - -9?
a
In base 14, what is -5 - -61?
5a
In base 12, what is 14 - -4?
18
In base 8, what is -1 + -337?
-340
In base 5, what is 2 + -40?
-33
In base 3, what is 1 - -2011?
2012
In base 16, what is -ff + -2?
-101
In base 8, what is 40 + 1?
41
In base 11, what is 2 - 34?
-32
In base 2, what is 10 - -1010101000?
1010101010
In base 3, what is -1 + -11200122?
-11200200
In base 12, what is -87 + 0?
-87
In base 15, what is 4 + -2b6?
-2b2
In base 16, what is 6 + -1e?
-18
In base 8, what is -4 - -2367?
2363
In base 6, what is -452 - -3?
-445
In base 2, what is 101 - -11101100001?
11101100110
In base 15, what is -39 + -1?
-3a
In base 10, what is 18 + 3?
21
In base 10, what is 23 + -450?
-427
In base 11, what is -a618 + -3?
-a620
In base 8, what is -3 - 44?
-47
In base 6, what is -3 + 24430?
24423
In base 8, what is -2 - 525?
-527
In base 3, what is -1002 + 12202?
11200
In base 3, what is -10 - 1221?
-2001
In base 14, what is 6 - -17d?
185
In base 12, what is 4 - -73?
77
In base 12, what is 140 - -2?
142
In base 3, what is -102 - -1000?
121
In base 2, what is 110 + 100111?
101101
In base 12, what is 2 - 379a?
-3798
In base 12, what is 215 + -4?
211
In base 3, what is -2010012 + -10?
-2010022
In base 15, what is 2 + 12a?
12c
In base 13, what is 2b - -6c?
9a
In base 6, what is 45 - 1?
44
In base 10, what is -4 + -465?
-469
In base 9, what is 54 + -10?
44
In base 4, what is -113231 - -11?
-113220
In base 3, what is 202 + 222120?
1000022
In base 10, what is -33 + 8?
-25
In base 13, what is a2b - 4?
a27
In base 11, what is -2 - 7a9?
-800
In base 6, what is 1403 + -11?
1352
In base 7, what is -1060 - -2?
-1055
In base 7, what is 41 - -53?
124
In base 2, what is 10101100 - 101?
10100111
In base 2, what is -1 - 101010?
-101011
In base 7, what is 423 + 2?
425
In base 14, what is b0 + 1?
b1
In base 5, what is 244321 + -1?
244320
In base 11, what is 0 - 10a?
-10a
In base 6, what is -1 - 42?
-43
In base 15, what i